umber?
True
Let l(a) = a**3 - 4*a**2 + 5*a - 2. Let f be l(3). Suppose f*k - 254 = 2*h, -h - 544 = 3*h + 4*k. Is 4/8 - h/2 a prime number?
True
Let d = -43 - 77. Let s = 215 + d. Is s a prime number?
False
Let p(q) = -32*q + 1. Suppose 4*n = -0*n + 12. Let f = n + -4. Is p(f) composite?
True
Let i(u) = -u**3 - 5*u**2 - 3*u - 8. Let x(b) = -7*b**3 + 2*b**2 - b. Suppose -3*n = 4*w - 1, 5*w - 2*w = -4*n - 1. Let h be x(w). Is i(h) composite?
True
Suppose 5*r - 3*f = 593, 0 = -5*r - 2*f + 6*f + 594. Is r*(-2)/4*-1 a composite number?
False
Suppose -4*s + 161 = -123. Is s a composite number?
False
Suppose 5*h + 2*w = -0*w + 21, 0 = 2*h + 2*w - 12. Suppose 959 - 299 = 4*a. Suppose -3*i - 2*u + 55 = -2*i, h*i - a = 2*u. Is i a prime number?
False
Let x(w) = -w**3 + 13*w**2 + 2*w + 2. Let f be x(12). Suppose 0 = -i - g - 56 + f, i = 2*g + 117. Is i composite?
True
Suppose 2 = -4*b - 4*l - 18, 5*b - l = 5. Let m(s) = s**3 + 260. Let c be m(b). Suppose -d = d + 10, -3*d + c = 5*o. Is o prime?
False
Suppose 2*f - 2 + 0 = 0. Let l be (-1426)/6 - (-4)/6. Is (2/(-6))/(f/l) a prime number?
True
Let z = -20 - -23. Suppose -t + z*w - 20 = -132, w = -5*t + 640. Is t composite?
False
Suppose -1620 - 3422 = -2*i. Is i composite?
False
Suppose 0 = 6*j - 3*j - 9. Suppose -j*a + 373 = 2*g, -a + 131 = -3*g + 2*g. Is a prime?
True
Let l(n) = 19*n**2 + 5*n - 5. Is l(-6) a composite number?
True
Suppose 0 = -8*z + 3*z - 5. Is (3 + -2)/(z/(-35)) prime?
False
Let o(p) = 7*p**2 + p + 9. Let m(v) = 10*v**2 + v + 13. Let y(u) = 5*m(u) - 7*o(u). Let c be y(2). Is 6*c - (2 + 0) a composite number?
True
Suppose -5*u + 105 = -2*u - 3*k, 0 = u - 5*k - 43. Is u prime?
False
Suppose -g = -4*o - 136, -o = -0*g + 3*g - 395. Let u = g + 203. Is u a prime number?
False
Suppose 5*f - 6 = 4. Suppose l + 52 = 4*z, f*l - 5*l = 0. Is z prime?
True
Let c = -6 - -2. Let o be (-6)/c*8/4. Suppose o*k = 6*k - 147. Is k a composite number?
True
Let s = -6 + 3. Let p be (s/9)/((-1)/12). Let l(f) = -f**3 + 5*f**2 - 2*f + 2. Is l(p) prime?
False
Let h(w) = 2*w**2 - 4*w. Let q(p) = -2*p**2 + 4*p. Let s(y) = -4*h(y) - 3*q(y). Let b be s(3). Is 1/(-3) - 44/b a composite number?
False
Suppose i + 5*l = -3*i + 65, -2*i - l + 25 = 0. Is 2334/i + 8/(-20) prime?
True
Let k = -23 + -13. Let a = k - 46. Let y = a + 119. Is y composite?
False
Let f(r) = -r**2 + 6*r + 5. Let y be f(6). Suppose -4*k + 280 = 6*w - 2*w, -w + y = 0. Is k a composite number?
True
Suppose 0 = 4*c - 2*c - 8. Let q = -1 + c. Suppose 72 = q*m + 3*n, -3*m = -n - 2*n - 42. Is m prime?
True
Let w = -4 + 2. Is w - (-161 + -2 - 0) a composite number?
True
Let l = -33 + 244. Is l a prime number?
True
Is (-1054)/(-4) - 1/2 - 0 a composite number?
False
Let p(c) be the third derivative of -c**6/60 + c**5/15 - 5*c**3/6 + 3*c**2. Is p(-4) a prime number?
False
Suppose -2*q + 8 = 36. Suppose 0 = 4*u + 1 - 5. Let c = u - q. Is c prime?
False
Let d = 1 + 2. Suppose -3*h + 7 = -5*u - 7, -d*h - 22 = 4*u. Is (-1 - h)*-1*-37 a prime number?
True
Suppose 21 = 3*a - i + 4*i, 3*a - 31 = -5*i. Suppose 2973 + 2300 = 5*c + a*z, -3*c = -z - 3166. Is c composite?
True
Suppose -2*b + 0*b - 18 = 0. Let l = 14 + b. Is (-2)/l - 1281/(-15) a composite number?
True
Let h be (-1)/(-4)*6*2. Is (-1)/h + 280/12 prime?
True
Let c(r) = r**2 + 17*r + 4. Let x be c(-17). Suppose -s + x = 0, -4*m + 5*s - 239 = -5*m. Is m a prime number?
False
Suppose 5*h - 70 = -3*r - r, r + 45 = 5*h. Is 14/4*(4 + h) prime?
False
Suppose -5*c + 975 + 6850 = 0. Suppose g = 5*l + c, -324 = l - 0*l + 2*g. Is 1/(-6) - l/12 composite?
True
Let f = -24 + 62. Suppose 4*z + 29 = j - f, 0 = 2*j + z - 107. Is j a composite number?
True
Let r(z) = -2*z - 1. Let c(b) = -3*b + 2. Let f be c(2). Let u be r(f). Let m = u + 12. Is m a prime number?
True
Let z(g) = -g - 4. Let q be z(-7). Let b be 59 + -1 - (-9)/q. Suppose b = 3*d - 2. Is d a prime number?
False
Let s be 2 + (1 - -1) + 0. Suppose -s*r + 8*r = 844. Is r a prime number?
True
Suppose 5*c - 2*c = -684. Let f = 328 + c. Suppose 4*w - f - 232 = 0. Is w prime?
True
Suppose p - 3*r + 4 = 0, -p - 6 = -0*p - 4*r. Suppose -3*q - l = p*q - 2152, 6 = -2*l. Is q a composite number?
False
Suppose -11*z = -14*z + 771. Is z prime?
True
Let h = -316 - -209. Let q = -18 - h. Suppose 0 = -k + q - 12. Is k a prime number?
False
Let q = 646 + 1133. Is q prime?
False
Suppose -3*a - 2*a + 4*p = -45, -4*p = a + 15. Suppose -3*i - 3*n + 7 = -a*i, 5*i - 5*n + 15 = 0. Let u = i + 36. Is u a composite number?
True
Let o(t) = t**2 - 8*t + 3. Let c be o(8). Is 1*0/1 + c a composite number?
False
Suppose 0*v = -v - 8. Is -4*2638/v*1 a composite number?
False
Let t(y) = -6*y - 13. Let f be t(-10). Let z = 140 + f. Is z prime?
False
Let g(h) be the third derivative of 0*h + 1/12*h**5 - 3*h**2 - 1/120*h**6 + 7/24*h**4 + 0 + 1/2*h**3. Is g(6) a composite number?
True
Let y(p) = 37*p + 7. Let d(v) = -110*v - 21. Let o(i) = 6*d(i) + 17*y(i). Let r be o(-6). Let j = -100 + r. Is j composite?
False
Suppose 0*j - 4*j = 0. Suppose j = -0*h + 4*h - 308. Is h a prime number?
False
Suppose -3*n + 5 = 3*r - 13, -n - 4*r + 18 = 0. Suppose n*b - 299 = 103. Is b a prime number?
False
Let i(z) = -z**3 + 9*z**2 - 2*z + 9. Let a be i(7). Let f = -2 + 5. Suppose 0 = 3*x - 3*k - a, -4*x = -3*x + f*k - 31. Is x composite?
False
Suppose -2*i - 2*i + 24 = 0. Let h = i + -2. Suppose s - 3 = -h, -3*c + 113 = -2*s. Is c composite?
False
Let d(v) = 2*v - 1 + 5 + v - 5 + v**2. Let p be d(-3). Is 1*p/(2/(-334)) a composite number?
False
Let s(y) = 5 - 3 + 0*y + 1 - 7*y. Is s(-4) a prime number?
True
Suppose 0 = -0*z - 5*z + 745. Is z prime?
True
Let z(o) = 0*o - 4*o + 3*o - 3 + o**3 + 0*o. Let b be (-1)/3 + (-10)/(-3). Is z(b) prime?
False
Let k(o) = -2*o + 4. Let d be k(3). Is (d - (1 - 3)) + 13 a prime number?
True
Suppose 2*i - 3*i = -2. Suppose -d - u = u - 11, 4*d + i*u = 26. Suppose -w = 3*s - 26, -6*w = -d*w - 5*s + 14. Is w composite?
False
Suppose -3*k = -65 - 13. Suppose -4*q + k = 2. Is q a composite number?
True
Let n = -13 - -8. Let m = -5 - n. Suppose 0 = -i - 0 + 2, -5*l - 4*i + 73 = m. Is l composite?
False
Is (1/(2/290))/1 a composite number?
True
Let n be (-174)/(-8) + (-2)/(-8). Let u be ((-2)/4)/(1/n). Is (u - (1 + -1))*-1 a prime number?
True
Let z = 899 + -516. Is z composite?
False
Let n(d) = d**2 + 3. Let s(h) = 4*h**2 + h + 13. Let j(y) = -9*n(y) + 2*s(y). Let m be j(2). Is (-12)/(-8)*(35 + m) a composite number?
True
Let r(j) = -9*j + 8 + 3*j - 9*j. Is r(-5) prime?
True
Let n = 706 + -266. Suppose 5 + n = 5*q. Is q a prime number?
True
Let g(n) = -4*n**3 - 2*n**2 + 2*n + 5. Let z(a) = -a**3 - a**2 + a. Let r(s) = g(s) - 5*z(s). Let v be r(-4). Is 2 - v/((-2)/70) a prime number?
True
Suppose 1210 = 2*k + 3*k. Suppose 2*c - 3*i + 99 = k, -4*i - 12 = 0. Is c prime?
True
Suppose -l = 4*l + 4*g - 1107, 3*l - 661 = -4*g. Is l a composite number?
False
Let y = 1154 - 481. Is y prime?
True
Suppose -1213 = 3*a - 6478. Suppose -4*o = 5*w - a, -2*w - 2*o = 3*w - 1765. Is w a composite number?
True
Suppose 3*n = 4*x - 55, -5*n + 3*n - 32 = 2*x. Is 1 + 1 + (0 - n) composite?
False
Let s(v) = 7*v**2 + 4*v + 6. Let c(a) = 3*a**2 + 2*a + 3. Let h be -1*((-1)/1 + -5). Let i(d) = h*s(d) - 11*c(d). Is i(-2) prime?
False
Let v = 84 + 144. Suppose 0 = j + 3*j - v. Is j prime?
False
Suppose 0 = -5*d + l + 14, 3*l - 4 = -5*d + 14. Let f be 6 + (-2)/d*3. Is (-52)/(-5) + f/(-10) composite?
True
Suppose -4*s = 5*i - 22, -5*i + 22 + 2 = 3*s. Let m(h) = 3*h + 1. Is m(i) prime?
True
Let t be (-2 - -1)*(-2 + -20). Let g = t + -1. Is g a prime number?
False
Let h = 10 + -6. Let a = 126 + -72. Suppose h*m - 62 = -2*t, -5*m + 2*t + 1 = -a. Is m a composite number?
False
Suppose 0 = d + 4*w - 1523, -2*w + 7669 = -0*d + 5*d. Is d a prime number?
False
Let o(r) = r + 2. Let q = -2 - -2. Let x be o(q). Suppose x*i = 1 + 13. Is i composite?
False
Let o = 56 + 71. Is o a composite number?
False
Let i = 154 - 300. Is (-1)/(-2) - i/4 prime?
True
Let t(r) = -r**3 - 7*r**2 + 9*r - 10. Let k be t(-9). Suppose -4*u - a + 256 = 0, -k = 3*u + 3*a - 254. Let w = 118 - u. Is w a prime number?
True
Suppose -376 - 12 = -4*z. Is z prime?
True
Let y(a) = -a**3 + 12*a**2 + 14*a - 7. Let q be y(13). Is 6/q + (0 - -54) composite